actors of 1857?
3, 619
List the prime factors of 19571.
19571
List the prime factors of 1544.
2, 193
What are the prime factors of 555?
3, 5, 37
What are the prime factors of 615?
3, 5, 41
List the prime factors of 30804.
2, 3, 17, 151
What are the prime factors of 5357?
11, 487
What are the prime factors of 6880?
2, 5, 43
List the prime factors of 817.
19, 43
What are the prime factors of 32?
2
What are the prime factors of 17275?
5, 691
What are the prime factors of 1026?
2, 3, 19
What are the prime factors of 6012?
2, 3, 167
List the prime factors of 596.
2, 149
List the prime factors of 47386.
2, 19, 29, 43
List the prime factors of 10179.
3, 13, 29
What are the prime factors of 55625?
5, 89
List the prime factors of 12240.
2, 3, 5, 17
List the prime factors of 5163.
3, 1721
List the prime factors of 94861.
13, 7297
List the prime factors of 115012.
2, 28753
List the prime factors of 61916.
2, 23, 673
List the prime factors of 55113.
3, 18371
What are the prime factors of 20023?
20023
List the prime factors of 3317.
31, 107
List the prime factors of 3942.
2, 3, 73
List the prime factors of 165.
3, 5, 11
List the prime factors of 12491.
12491
List the prime factors of 798.
2, 3, 7, 19
List the prime factors of 13257.
3, 491
List the prime factors of 1631.
7, 233
List the prime factors of 579.
3, 193
List the prime factors of 35044.
2, 8761
What are the prime factors of 30689?
30689
What are the prime factors of 2050?
2, 5, 41
List the prime factors of 10376.
2, 1297
What are the prime factors of 20921?
20921
What are the prime factors of 3706?
2, 17, 109
What are the prime factors of 4479?
3, 1493
List the prime factors of 10619.
7, 37, 41
List the prime factors of 14444.
2, 23, 157
What are the prime factors of 48219?
3, 16073
What are the prime factors of 6252?
2, 3, 521
List the prime factors of 21408.
2, 3, 223
What are the prime factors of 15308?
2, 43, 89
List the prime factors of 80743.
13, 6211
What are the prime factors of 21291?
3, 47, 151
List the prime factors of 8087.
8087
What are the prime factors of 12217?
19, 643
List the prime factors of 25973.
19, 1367
What are the prime factors of 15135?
3, 5, 1009
What are the prime factors of 515?
5, 103
What are the prime factors of 1097?
1097
What are the prime factors of 23934?
2, 3, 3989
List the prime factors of 896.
2, 7
What are the prime factors of 84252?
2, 3, 7, 17, 59
What are the prime factors of 3365?
5, 673
What are the prime factors of 60457?
60457
List the prime factors of 1564.
2, 17, 23
List the prime factors of 125613.
3, 17, 821
What are the prime factors of 3855?
3, 5, 257
List the prime factors of 1926.
2, 3, 107
List the prime factors of 24335.
5, 31, 157
What are the prime factors of 1934?
2, 967
What are the prime factors of 567?
3, 7
List the prime factors of 1551.
3, 11, 47
What are the prime factors of 1082?
2, 541
List the prime factors of 3832.
2, 479
What are the prime factors of 173?
173
List the prime factors of 1174.
2, 587
List the prime factors of 540.
2, 3, 5
What are the prime factors of 15027?
3, 5009
What are the prime factors of 1974?
2, 3, 7, 47
List the prime factors of 22828.
2, 13, 439
List the prime factors of 10376.
2, 1297
What are the prime factors of 2432?
2, 19
What are the prime factors of 61055?
5, 12211
List the prime factors of 26442.
2, 3, 13, 113
List the prime factors of 8092.
2, 7, 17
What are the prime factors of 7120?
2, 5, 89
List the prime factors of 7533.
3, 31
List the prime factors of 1545.
3, 5, 103
What are the prime factors of 34258?
2, 7, 2447
What are the prime factors of 2000?
2, 5
What are the prime factors of 15418?
2, 13, 593
What are the prime factors of 25666?
2, 41, 313
List the prime factors of 185.
5, 37
What are the prime factors of 12295?
5, 2459
List the prime factors of 5753.
11, 523
List the prime factors of 24111.
3, 19, 47
What are the prime factors of 1739?
37, 47
What are the prime factors of 1439?
1439
What are the prime factors of 10423?
7, 1489
What are the prime factors of 612?
2, 3, 17
List the prime factors of 3284.
2, 821
What are the prime factors of 10892?
2, 7, 389
List the prime factors of 4292.
2, 29, 37
List the prime factors of 667.
23, 29
List the prime factors of 2580.
2, 3, 5, 43
List the prime factors of 1678.
2, 839
What are the prime factors of 2770?
2, 5, 277
List the prime factors of 6231.
3, 31, 67
What are the prime factors of 25728?
2, 3, 67
List the prime factors of 6078.
2, 3, 1013
List the prime factors of 36104.
2, 4513
What are the prime factors of 177480?
2, 3, 5, 17, 29
What are the prime factors of 4998?
2, 3, 7, 17
List the prime factors of 71865.
3, 5, 1597
What are the prime factors of 45?
3, 5
List the prime factors of 6334.
2, 3167
List the prime factors of 25213.
19, 1327
What are the prime factors of 1487?
1487
What are the prime factors of 8050?
2, 5, 7, 23
What are the prime factors of 525?
3, 5, 7
List the prime factors of 60612.
2, 3, 5051
What are the prime factors of 29592?
2, 3, 137
What are the prime factors of 5023?
5023
List the prime factors of 33857.
33857
List the prime factors of 44389.
44389
What are the prime factors of 3804?
2, 3, 317
What are the prime factors of 5802?
2, 3, 967
List the prime factors of 34348.
2, 31, 277
List the prime factors of 427.
7, 61
List the prime factors of 34348.
2, 31, 277
List the prime factors of 22446.
2, 3, 29, 43
What are the prime factors of 7023?
3, 2341
List the prime factors of 59828.
2, 14957
List the prime factors of 19095.
3, 5, 19, 67
List the prime factors of 1479.
3, 17, 29
What are the prime factors of 89207?
37, 2411
List the prime factors of 1260.
2, 3, 5, 7
List the prime factors of 19036.
2, 4759
What are the prime factors of 1773?
3, 197
List the prime factors of 10024.
2, 7, 179
List the prime factors of 17807.
17807
List the prime factors of 21268.
2, 13, 409
What are the prime factors of 27597?
3, 9199
What are the prime factors of 2132?
2, 13, 41
What are the prime factors of 34330?
2, 5, 3433
What are the prime factors of 4670?
2, 5, 467
List the prime factors of 2573.
31, 83
List the prime factors of 227.
227
What are the prime factors of 4196?
2, 1049
List the prime factors of 569.
569
List the prime factors of 13257.
3, 491
List the prime factors of 38073.
3, 7, 37
List the prime factors of 29406.
2, 3, 13, 29
What are the prime factors of 9704?
2, 1213
What are the prime factors of 142813?
11, 12983
List the prime factors of 5501.
5501
List the prime factors of 2354.
2, 11, 107
List the prime factors of 947.
947
List the prime factors of 1094.
2, 547
List the prime factors of 36929.
36929
List the prime factors of 793.
13, 61
List the prime factors of 76597.
76597
What are the prime factors of 51728?
2, 53, 61
List the prime factors of 65157.
3, 37, 587
List the prime factors of 10486.
2, 7, 107
List the prime factors of 935.
5, 11, 17
List the prime factors of 9802.
2, 13, 29
List the prime factors of 17821.
71, 251
What are the prime factors of 3193?
31, 103
What are the prime factors of 793?
13, 61
List the prime factors of 24940.
2, 5, 29, 43
List the prime factors of 351.
3, 13
What are the prime factors of 34152?
2, 3, 1423
List the prime factors of 3628.
2, 907
List the prime factors of 3280.
2, 5, 41
What are the prime factors of 10358?
2, 5179
What are the prime factors of 2047?
23, 89
List the prime factors of 116651.
157, 743
What are the prime factors of 1491?
3, 7, 71
List the prime factors of 3299.
3299
What are the prime factors of 53120?
2, 5, 83
What are the prime factors of 25618?
2, 12809
List the prime factors of 13607.
11, 1237
What are the prime factors of 244?
2, 61
What are the prime factors of 3956?
2, 23, 43
What are the prime factors of 1341?
3, 149
List the prime factors of 4846.
2, 2423
What are the prime factors of 5775?
3, 5, 7, 11
List the prime factors of 4453.
61, 73
List the prime factors of 2464.
2, 7, 11
What are the prime factors of 2378?
2, 29, 41
List the prime factors of 49651.
7, 41, 173
List the prime factors of 3940.
2, 5, 197
What are the prime factors of 5667?
3, 1889
List the prime factors of 135733.
13, 53, 197
List the prime factors of 1741.
1741
What are the prime factors of 21284?
2, 17, 313
List the prime factors of 81269.
181,